493.
25
What is the remainder when 19242788 is divided by 27?
23
Calculate the remainder when 11409017 is divided by 718.
715
Calculate the remainder when 623618 is divided by 19488.
2
What is the remainder when 1643073 is divided by 84?
33
Calculate the remainder when 1959045 is divided by 774.
51
What is the remainder when 57934022 is divided by 1810438?
6
What is the remainder when 8595049 is divided by 80?
9
What is the remainder when 868750 is divided by 434352?
46
What is the remainder when 1507276 is divided by 104?
4
What is the remainder when 19228985 is divided by 85?
30
What is the remainder when 2601175 is divided by 8?
7
Calculate the remainder when 633589 is divided by 330.
319
Calculate the remainder when 1903062 is divided by 134.
128
What is the remainder when 92447119 is divided by 21?
16
What is the remainder when 1860148 is divided by 728?
108
Calculate the remainder when 620298 is divided by 1027.
1017
Calculate the remainder when 9689830 is divided by 3.
1
Calculate the remainder when 187407 is divided by 36837.
3222
Calculate the remainder when 6577251 is divided by 28.
23
What is the remainder when 138803137 is divided by 4786315?
2
What is the remainder when 27532 is divided by 9028?
448
What is the remainder when 23120 is divided by 923?
45
What is the remainder when 7246249 is divided by 79629?
10
What is the remainder when 183846 is divided by 200?
46
Calculate the remainder when 39696 is divided by 4402.
78
Calculate the remainder when 16325181 is divided by 8162548.
85
Calculate the remainder when 2034187 is divided by 15.
7
What is the remainder when 1106513 is divided by 553244?
25
Calculate the remainder when 4110620 is divided by 146.
136
Calculate the remainder when 33755295 is divided by 1488.
15
Calculate the remainder when 83044 is divided by 781.
258
Calculate the remainder when 1310559 is divided by 13373.
5
Calculate the remainder when 13920 is divided by 4092.
1644
Calculate the remainder when 22882155 is divided by 11441066.
23
What is the remainder when 107430 is divided by 22?
4
What is the remainder when 2789229 is divided by 314?
281
What is the remainder when 3764121 is divided by 69?
33
Calculate the remainder when 70209 is divided by 3034.
427
Calculate the remainder when 7867669 is divided by 107775.
94
What is the remainder when 434541 is divided by 1238?
3
What is the remainder when 2534 is divided by 2336?
198
Calculate the remainder when 45942862 is divided by 3281633.
0
Calculate the remainder when 13618071 is divided by 31.
19
Calculate the remainder when 47111178 is divided by 113248.
10
Calculate the remainder when 44734 is divided by 14711.
601
What is the remainder when 87400 is divided by 445?
180
Calculate the remainder when 42373 is divided by 1519.
1360
What is the remainder when 843486 is divided by 6916?
6650
Calculate the remainder when 520457969 is divided by 5893.
5888
What is the remainder when 32113 is divided by 7486?
2169
Calculate the remainder when 50386 is divided by 2768.
562
What is the remainder when 840949 is divided by 105097?
173
What is the remainder when 140825 is divided by 1?
0
Calculate the remainder when 20922823 is divided by 20922815.
8
What is the remainder when 597346 is divided by 75?
46
Calculate the remainder when 115405 is divided by 6026.
911
What is the remainder when 108923 is divided by 3303?
3227
What is the remainder when 2109939 is divided by 1226?
1219
Calculate the remainder when 513107 is divided by 36650.
7
Calculate the remainder when 493271 is divided by 1942.
3
What is the remainder when 455426 is divided by 2524?
1106
Calculate the remainder when 232629 is divided by 87.
78
Calculate the remainder when 89105 is divided by 2699.
38
Calculate the remainder when 114599067 is divided by 1255.
1252
What is the remainder when 251114 is divided by 50218?
24
Calculate the remainder when 29246 is divided by 509.
233
Calculate the remainder when 16448904 is divided by 2307.
2301
What is the remainder when 241355 is divided by 63?
2
What is the remainder when 38853 is divided by 9379?
1337
Calculate the remainder when 3834122 is divided by 1342.
28
What is the remainder when 1185337 is divided by 407?
153
Calculate the remainder when 654423 is divided by 654385.
38
What is the remainder when 6051859 is divided by 6614?
49
Calculate the remainder when 487805 is divided by 2651.
21
Calculate the remainder when 52274739 is divided by 107.
103
What is the remainder when 184408756 is divided by 20?
16
What is the remainder when 711340 is divided by 54?
52
What is the remainder when 7256216 is divided by 622?
586
What is the remainder when 172314727 is divided by 70?
67
What is the remainder when 3686812 is divided by 115209?
124
What is the remainder when 142436 is divided by 7130?
6966
Calculate the remainder when 72107885 is divided by 14.
3
Calculate the remainder when 147712 is divided by 83.
55
Calculate the remainder when 6220928 is divided by 2073639.
11
Calculate the remainder when 62432 is divided by 5699.
5442
Calculate the remainder when 289705 is divided by 8994.
1897
What is the remainder when 7298791 is divided by 1459756?
11
Calculate the remainder when 14962132 is divided by 77524.
0
Calculate the remainder when 1906258 is divided by 43324.
2
Calculate the remainder when 148477 is divided by 690.
127
What is the remainder when 3195102 is divided by 168163?
5
What is the remainder when 36796 is divided by 209?
12
What is the remainder when 29308 is divided by 164?
116
Calculate the remainder when 7277452 is divided by 27566.
28
What is the remainder when 6310079 is divided by 16?
15
Calculate the remainder when 13185 is divided by 4879.
3427
What is the remainder when 1402807 is divided by 5046?
19
Calculate the remainder when 1049718 is divided by 524692.
334
Calculate the remainder when 77616951 is divided by 4129.
9
Calculate the remainder when 334146 is divided by 823.
8
Calculate the remainder when 145721 is divided by 878.
851
What is the remainder when 7696188 is divided by 7696174?
14
What is the remainder when 585174 is divided by 1194?
114
Calculate the remainder when 447350 is divided by 4146.
3728
What is the remainder when 2462681 is divided by 426?
401
What is the remainder when 9801 is divided by 498?
339
What is the remainder when 38495753 is divided by 199?
198
Calculate the remainder when 960115298 is divided by 53.
52
What is the remainder when 709066 is divided by 236354?
4
Calculate the remainder when 6247304 is divided by 86.
6
What is the remainder when 16838056 is divided by 44?
4
What is the remainder when 102063423 is divided by 43?
42
What is the remainder when 53542475 is divided by 36?
35
Calculate the remainder when 169063 is divided by 4025.
13
What is the remainder when 125029842 is divided by 4752?
4722
What is the remainder when 294814 is divided by 95823?
7345
What is the remainder when 47030517 is divided by 3?
0
What is the remainder when 125060361 is divided by 7?
6
Calculate the remainder when 274633 is divided by 3044.
673
What is the remainder when 6929785 is divided by 62998?
5
Calculate the remainder when 29313951 is divided by 11.
7
Calculate the remainder when 29103 is divided by 9558.
429
Calculate the remainder when 345894 is divided by 68.
46
Calculate the remainder when 24047 is divided by 2019.
1838
Calculate the remainder when 763595 is divided by 44861.
958
What is the remainder when 2762352 is divided by 4249?
502
What is the remainder when 371645 is divided by 16891?
43
What is the remainder when 6227736 is divided by 94354?
372
What is the remainder when 9480229 is divided by 7512?
85
What is the remainder when 26603663 is divided by 28?
23
Calculate the remainder when 1775728 is divided by 535.
63
What is the remainder when 6394 is divided by 198?
58
What is the remainder when 628855 is divided by 259?
3
What is the remainder when 2400731 is divided by 240073?
1
Calculate the remainder when 11170298 is divided by 3102.
3098
What is the remainder when 546033 is divided by 1851?
1839
Calculate the remainder when 1087585 is divided by 4.
1
Calculate the remainder when 1385413 is divided by 24738.
85
Calculate the remainder when 19974252 is divided by 73.
65
What is the remainde